6 a factor of 1272?
True
Does 57 divide 1248?
False
Is 16 a factor of 78832?
True
Is 29 a factor of 4698?
True
Is 15 a factor of 9120?
True
Is 13 a factor of 11677?
False
Is 29 a factor of 4756?
True
Is 1650 a multiple of 25?
True
Is 9 a factor of 741?
False
Is 34 a factor of 24743?
False
Is 444 a multiple of 74?
True
Does 9 divide 12038?
False
Does 15 divide 302?
False
Is 400 a multiple of 30?
False
Is 32 a factor of 10269?
False
Is 22 a factor of 958?
False
Does 34 divide 912?
False
Is 567 a multiple of 63?
True
Does 30 divide 109080?
True
Is 1073 a multiple of 29?
True
Is 216141 a multiple of 13?
False
Is 89 a factor of 1637?
False
Is 11 a factor of 4199?
False
Is 20756 a multiple of 204?
False
Does 29 divide 1469?
False
Is 21549 a multiple of 39?
False
Does 19 divide 5548?
True
Is 85 a factor of 1360?
True
Is 81 a factor of 1944?
True
Does 39 divide 11063?
False
Is 53851 a multiple of 55?
False
Is 29013 a multiple of 23?
False
Is 636 a multiple of 5?
False
Does 25 divide 2187?
False
Is 229 a multiple of 3?
False
Does 63 divide 57771?
True
Does 30 divide 63?
False
Is 41 a factor of 1312?
True
Is 7 a factor of 1197?
True
Is 9588 a multiple of 9?
False
Is 715 a multiple of 55?
True
Is 1452 a multiple of 11?
True
Is 3 a factor of 4422?
True
Is 205 a multiple of 41?
True
Does 38 divide 5700?
True
Does 11 divide 1595?
True
Is 22950 a multiple of 10?
True
Is 24 a factor of 360?
True
Is 1279 a multiple of 12?
False
Does 29 divide 1035?
False
Does 35 divide 665?
True
Is 2664 a multiple of 7?
False
Is 45 a multiple of 3?
True
Does 13 divide 14456?
True
Is 15 a multiple of 3?
True
Is 6292 a multiple of 22?
True
Does 8 divide 4599?
False
Does 15 divide 23033?
False
Is 3640 a multiple of 39?
False
Is 380 a multiple of 19?
True
Is 31 a factor of 217?
True
Does 71 divide 13345?
False
Does 125 divide 41861?
False
Is 27300 a multiple of 5?
True
Is 8 a factor of 288?
True
Does 34 divide 6868?
True
Is 133 a factor of 75145?
True
Is 91 a factor of 1001?
True
Is 9847 a multiple of 4?
False
Is 21 a factor of 4095?
True
Is 627 a multiple of 19?
True
Does 7 divide 28?
True
Is 64 a factor of 704?
True
Is 52992 a multiple of 12?
True
Is 88 a factor of 1484?
False
Is 15 a factor of 840?
True
Is 18 a factor of 5504?
False
Does 19 divide 4202?
False
Is 41 a factor of 14225?
False
Does 22 divide 792?
True
Is 5184 a multiple of 76?
False
Is 19 a factor of 608?
True
Is 9809 a multiple of 4?
False
Is 33357 a multiple of 232?
False
Does 26 divide 4059?
False
Is 366 a multiple of 6?
True
Does 19 divide 13490?
True
Is 17790 a multiple of 16?
False
Does 7 divide 1099?
True
Is 32 a factor of 101?
False
Does 116 divide 949?
False
Is 19 a factor of 1720?
False
Does 27 divide 617?
False
Is 34 a factor of 285?
False
Is 10458 a multiple of 83?
True
Is 1976 a multiple of 32?
False
Is 83004 a multiple of 23?
False
Does 26 divide 3232?
False
Does 6 divide 570?
True
Is 341 a factor of 75475?
False
Is 95 even?
False
Is 131 a multiple of 2?
False
Does 3 divide 73?
False
Is 47 a factor of 4512?
True
Is 22316 a multiple of 7?
True
Is 26 a factor of 23002?
False
Is 261 a multiple of 9?
True
Is 720 a multiple of 45?
True
Is 55 a factor of 4180?
True
Is 900 a multiple of 17?
False
Does 32 divide 18539?
False
Is 3 a factor of 227?
False
Is 13200 a multiple of 165?
True
Is 11 a factor of 4796?
True
Does 2 divide 321?
False
Does 38 divide 304?
True
Does 5 divide 166?
False
Is 6489 a multiple of 9?
True
Does 4 divide 16737?
False
Is 40 a factor of 600?
True
Is 161 a multiple of 3?
False
Does 17 divide 967?
False
Is 92027 a multiple of 281?
False
Is 364 a factor of 10556?
True
Does 20 divide 32945?
False
Is 220 a factor of 10531?
False
Does 27 divide 594?
True
Is 150 a multiple of 75?
True
Is 63 a factor of 126?
True
Does 164 divide 15088?
True
Does 87 divide 98831?
False
Is 25872 a multiple of 4?
True
Does 11 divide 5971?
False
Does 49 divide 11907?
True
Is 1716 a multiple of 66?
True
Is 10 a factor of 1600?
True
Is 240 a factor of 73440?
True
Is 324 a multiple of 41?
False
Is 1160 a multiple of 116?
True
Is 13 a factor of 343?
False
Is 8064 a multiple of 126?
True
Is 39996 a multiple of 264?
False
Is 5032 a multiple of 74?
True
Is 9 a factor of 10576?
False
Is 23 a factor of 189520?
True
Is 1425 a multiple of 75?
True
Does 12 divide 156?
True
Is 165 a multiple of 18?
False
Is 6 a factor of 1711?
False
Is 2445 a multiple of 5?
True
Does 24 divide 6360?
True
Is 17 a factor of 894?
False
Is 55 a multiple of 4?
False
Is 160 a factor of 15040?
True
Does 3 divide 596?
False
Is 14 a factor of 994?
True
Is 26 a factor of 24804?
True
Is 61 a factor of 1371?
False
Is 7920 a multiple of 110?
True
Is 118 a factor of 16325?
False
Is 23 a factor of 40?
False
Is 10 a factor of 36500?
True
Does 58 divide 6998?
False
Does 23 divide 851?
True
Is 2791 a multiple of 67?
False
Is 49 a factor of 126?
False
Does 5 divide 700?
True
Does 22 divide 7634?
True
Is 29 a factor of 2233?
True
Is 6372 a multiple of 118?
True
Does 10 divide 2268?
False
Does 17 divide 23750?
False
Is 65 a factor of 3120?
True
Is 22 a factor of 220?
True
Is 58 a factor of 58?
True
Does 13 divide 2888?
False
Is 8836 a multiple of 145?
False
Is 561 a multiple of 17?
True
Does 325 divide 134225?
True
Is 36 a factor of 9736?
False
Does 109 divide 436?
True
Does 41 divide 15836?
False
Is 26 a factor of 1598?
False
Is 8694 a multiple of 18?
True
Is 2396 a multiple of 10?
False
Is 977 a multiple of 22?
False
Is 17044 a multiple of 88?
False
Does 42 divide 84?
True
Is 282 a factor of 53016?
True
Is 37 a factor of 37?
True
Is 3 a factor of 902?
False
Is 780 a multiple of 30?
True
Does 274 divide 41962?
False
Is 24 a factor of 336?
True
Does 14 divide 27714?
False
Is 7272 a multiple of 202?
True
Does 45 divide 1978?
False
Does 38 divide 304?
True
Is 1633 a multiple of 71?
True
Is 14 a factor of 71493?
False
Is 343 a multiple of 49?
True
Is 60 a factor of 18060?
True
Is 3798 a multiple of 22?
False
Is 1239 a multiple of 59?
True
Does 23 divide 204?
False
Is 8 a factor of 140251?
False
Is 769 a multiple of 36?
False
Is 41 a factor of 273?
False
Is 12 a factor of 12456?
True
Is 11974 a multiple of 16?
False
Is 32 a factor of 1826?
False
Is 10 a factor of 1601?
False
Is 189 a multiple of 16?
False
Does 25 divide 300?
True
Is 385 a multiple of 51?
False
Is 1080 a multiple of 15?
True
Does 29 divide 812?
True
Is 8 a factor of 40123?
False
Is 1355 a multiple of 9?
False
Does 100 divide 4582?
False
Does 19 divide 1862?
True
Is 13 a factor of 142610?
True
Is 2243 a multiple of 28?
False
Is 50 a factor of 5900?
True
Does 11 divide 1108?
False
Is 60 a factor of 8760?
True
Is 304 a factor of 5472?
True
Does 5 divide 395?
True
Is 12528 a multiple of 14?
False
Does 32 divide 213?
False
Is 371 a multiple of 41?
False
Is 6782 a multiple of 194?
False
Does 65 divide 390?
True
Does 22 divide 11884?
False
Is 18 a factor of 9049?
False
Is 13 a factor of 572?
True
Is 9391 a multiple of 17?
False
Is 91 a factor of 1389?
False
Is 450 a multiple of 35?
False
Is 9 a factor of 1026?
True
Is 6 a factor of 2410?
False
Is 18 a multiple of 15?
False
Is 19200 a multiple of 16?
True
Is 17 a factor of 27650?
False
Is 15 a multiple of 3?
True
Does 12 divide 1032?
True
Does 216 divide 3888?
True
Does 32 divide 359?
False
Is 102 a multiple of 34?
True
Is 950 a multiple of 95?
True
Does 39 divide 5772?
True
Is 97 a multiple of 21?
False
Is 3950 a multiple of 79?
True
Is 1208 a multiple of 17?
False
Is 39 a factor of 17355?
True
Does 4 divide 919?
False
Is 20581 a multiple of 77?
False
Is 56 a factor of 11882?
False
Does 12 divide 1236?
True
Does 86 divide 15394?
True
Does 98 divide 17561?
False
Does 66 divide 19206?
True
Is 15 a factor of 699?
False
Does 56 divide 952?
True
Does 98 divide 4143?
False
Does 46 divide 3082?
True
Does 34 divide 2720?
True
Is 19 a factor of 3819?
True
Is 10 a factor of 400?
True
Does 5 divide 5135?
True
Is 21792 a multiple of 12?
True
Is 8 a factor of 10832?
True
Is 2 a factor of 1576?
True
Does 45 divide 1626?
False
Does 60 divide 726?
False
Does 60 divide 4932?
False
Is 5619 a multiple of 178?
False
Is 6176 a multiple of 8?
True
Does 33 divide 460?
False
Does 164 divide 9676?
True
Is 1610 a multiple of 35?
True
Does 96 divide 8064?
True
Is 34 a factor of 68